4 = -l, 0 = n*l - 3*g - 129. Let f = l + -23. Is f a composite number?
False
Let t = -199 - -438. Is t a prime number?
True
Let l(t) = -t + 13. Let g be l(11). Let z(v) = v**2 + v + 1. Let s be z(-1). Is 1*55 - g/s composite?
False
Suppose 17 = 3*l + n, -2*l + 4*n - 2*n = -22. Suppose -2*z = 3*w - 37, 27 = -5*z + l. Is w composite?
True
Let t = 83 + -16. Let p = t - -244. Is p prime?
True
Is 189 + (-1 - (4 - 7)) prime?
True
Let x(j) = j**2 - 4*j - 7. Let b(q) = -3*q - 1. Let r(i) = -i. Let o(f) = b(f) - 4*r(f). Let c be o(8). Is x(c) a composite number?
True
Let j = -968 - -335. Is j/2*8/(-12) composite?
False
Let a(d) = d**2 + 4*d + 7. Is a(6) prime?
True
Let d = -1 - -5. Let k(c) = 21*c + 5. Let j(v) = -10*v - 2. Let q(a) = 5*j(a) + 3*k(a). Is q(d) a composite number?
True
Suppose 10352 = 6*f + 10*f. Is f a prime number?
True
Is 5774 - 18/4*24/(-36) a composite number?
True
Suppose -7*v = -4*v + 33. Let z = 21 + v. Is z prime?
False
Let l(x) = -x**3 + 5*x**2 - x - 2. Let g = 0 + 2. Let m be l(g). Suppose 2*b = m + 34. Is b a composite number?
True
Suppose 13*a - 230 = 8*a. Is a a prime number?
False
Let r(f) = -1 - 6*f + 49*f + 0. Let g(k) = k**2 - 4*k - 3. Let d be g(5). Is r(d) composite?
True
Suppose -5*v + 650 + 3910 = 0. Let u = -475 + v. Is u composite?
True
Let i be 1012/99 + (-4)/18. Suppose 0 = 2*z - i, -y - 178 = -4*y + 4*z. Suppose 2*h - 8 = y. Is h a prime number?
True
Suppose -3*w + 2*p + 283 = -248, w + 3*p - 188 = 0. Is w composite?
False
Suppose 2*q - 482 - 1014 = -4*w, 4*q - 736 = -2*w. Suppose -84 - w = -4*r. Suppose r = 3*k - 32. Is k a prime number?
False
Let k = -8 - -17. Suppose -t - k = 66. Is (-2)/(6/t) + -2 a prime number?
True
Let p(h) = -h**3 + 8*h**2 + h - 6. Let a be p(8). Suppose -115 = -7*z + a*z. Is z a composite number?
False
Suppose w - 4*u - 312 = -0*u, -2*u + 978 = 3*w. Let h be (1/(-2))/((-3)/w). Let z = h + 1. Is z a composite number?
True
Let m(g) = -199*g + 45. Is m(-8) prime?
True
Suppose -54 + 9 = -4*h - l, -5*h - l + 57 = 0. Let u = h + -18. Is (284/u)/((-4)/6) a composite number?
False
Let o(z) = 10*z**2 + z**3 + 0*z**2 + 4*z + 0 - 1. Suppose 7*g + 33 = -9. Is o(g) a prime number?
False
Let c = 5 + -5. Suppose 4*f - f - 381 = c. Is f a composite number?
False
Let t = 17 + -5. Let v(d) = 6*d**2 + 5*d - 17. Is v(t) a composite number?
False
Let y(a) = -a**2 - 4*a + 2. Let g(j) = -4*j**2 - 13*j + 7. Let q(h) = -2*g(h) + 7*y(h). Suppose 5*m - 9 = 2*m. Is q(m) a composite number?
False
Let j = 51 + 20. Is j a composite number?
False
Let w be (-6)/(-15) + (-64)/10. Is (3 + 3)*(-10)/w composite?
True
Suppose -d + 4*l - 2 = 3, -2*d - l = -8. Let f(j) = j**2 - 4*j - 1. Let q be f(5). Is d/(-3) - -4*q a composite number?
True
Let j be 2/(-4)*(-16 - -6). Let a be (-25)/(-2)*4/5. Suppose 4*o + a = j*o. Is o prime?
False
Is 19888/99 - (-2)/18 a composite number?
True
Let j = -173 + 468. Is j a prime number?
False
Suppose -3*r - 3*a + 99 = 0, 0 = r - 3*r - 3*a + 69. Let f be (r/4)/(1/(-2)). Is (f/(-12))/((-1)/(-28)) a prime number?
False
Let b(m) = 5*m**2 - 3*m**2 + m - m**3 + 0 - 3*m**2 - 4. Let l be b(6). Let t = -135 - l. Is t composite?
True
Suppose m + 768 = 3*z + 4*m, 5*z = 3*m + 1320. Let i = 372 - z. Is i a composite number?
True
Is (-4)/(-14) + 41210/70 a prime number?
False
Suppose 0*q + 6 = -2*q. Let k(o) = -o**2 - 4*o - 1. Let r be k(q). Suppose -y + r = 0, -i + 5*y = -3*i + 200. Is i a composite number?
True
Let d(x) = 4*x**2 - 12*x + 10. Let p be d(9). Suppose y + 0*y = -p. Is y/10*(1 - 6) a prime number?
True
Let y(h) = h**3 + 3*h**2 + 4. Let o be y(-3). Let l(q) = -q**2 - q. Let r(a) = 12*a**2 - 2*a + 3. Let z(k) = 3*l(k) + r(k). Is z(o) a composite number?
False
Suppose 5*p - 4*a - 2 - 453 = 0, 5*p + 2*a = 425. Is p prime?
False
Let o(f) = 4*f**2 - 8*f - 1. Is o(8) composite?
False
Let x be -1*2 + 20 + 0. Suppose -4*f + x - 6 = 0. Is f a composite number?
False
Suppose -3*t + 17 = 11. Let c(w) = 2*w**3 - 4*w**2 - 4*w + 7. Let b(f) = -4*f**3 + 9*f**2 + 8*f - 15. Let r(u) = 4*b(u) + 9*c(u). Is r(t) a composite number?
False
Let j(d) = -2*d**2 - 5 - d**2 + 2*d + d**3 - 2*d**3. Is j(-6) prime?
False
Suppose 0*d + 4*d = 0. Let i be 1/5 - (-11)/(-5). Is d + (1 + i)*-3 composite?
False
Let l(i) = -14*i**2 - 8*i + 44. Let v(p) = -5*p**2 - 3*p + 15. Let u(m) = 6*l(m) - 17*v(m). Suppose 17 = -2*g + 3*d, 2*g + 5*d + 15 + 10 = 0. Is u(g) composite?
False
Let g = 6215 - 3780. Is g prime?
False
Is 3/4 - 41032/(-32) composite?
False
Suppose -z = -1, 2*j + 26 = 6*j + 2*z. Suppose j*x = x + 430. Suppose p = -p + x. Is p prime?
True
Suppose 2*b + 4*o - 38 = -0*o, 5*o + 68 = 3*b. Suppose -b = -4*q + q. Is q a prime number?
True
Let d = -39 + 69. Let i = 19 + d. Is i prime?
False
Suppose 30 + 90 = -4*t. Let a = 136 + t. Is a composite?
True
Suppose -4*b = 2*j - 90 - 24, -5*b = 0. Let l(x) = -x - 1. Let i be l(-1). Suppose -j = -i*c - c. Is c prime?
False
Suppose -1030 = -10*w + 8*w. Is w composite?
True
Suppose 3*y + 2*d - 1019 = 0, -321 = -y + 2*d + 2*d. Is y a prime number?
True
Suppose -4*d - 4 = 2*g - 3*d, 0 = 5*g + 4*d + 10. Let o = 3 - g. Suppose -o*k + 115 = -0*k. Is k a prime number?
True
Let k(f) = f. Let o be k(7). Suppose 0 = 2*t - o*t - 730. Let p = 213 + t. Is p a composite number?
False
Let v be ((-13)/2)/(5/560). Let m = -472 - v. Suppose 2*j - 150 = -5*y + 167, 0 = -4*y - j + m. Is y prime?
False
Suppose 2*i = 3*v + 5, -3*v + 7*v - 10 = i. Let u be 1/2 + (-5)/i. Suppose -2*o = -4*x - o + 303, -x + o + 72 = u. Is x a composite number?
True
Let t be (-1)/(-2)*(-1 - -1). Suppose t = -4*b + l + 143, -3*l + 41 = 2*b - 48. Is b a prime number?
True
Let n be (-8 + 2)*(-1)/3. Suppose 202 = -n*d + 664. Let l = d - 70. Is l prime?
False
Suppose -4*l = -8*l + 8. Let q(n) = 9*n**3 - l*n**3 + 3*n**3 - 1. Is q(2) prime?
True
Let g = -2 + 4. Suppose -3*u = -5*k - 15, k = -u - g*k + 5. Suppose -4*t - 2*m = -6*t + 46, 2*m = u*t - 103. Is t composite?
False
Suppose -8*p + 2893 = -3643. Is p a composite number?
True
Suppose -18 = -m - 2*m. Let b(g) = -g + 6. Let o be b(m). Suppose o*t = t - 35. Is t a prime number?
False
Suppose 5*x - 778 + 21 = -3*a, -3*x = -4*a + 990. Is a a prime number?
False
Let o be ((-12)/(-10))/((-3)/(-15)). Let d = o + -4. Is 39/2 + (-1)/d a composite number?
False
Suppose 5*c = 291 + 104. Is c a prime number?
True
Suppose -14 + 4 = -5*f. Let z be (f + -5)*(-6)/9. Suppose -z*d = -d - 51. Is d a composite number?
True
Suppose -2*c + 1405 = 3*d, 1400 = -0*c + 2*c - 2*d. Is c composite?
False
Let q(u) = -6*u - 6. Let h be q(-8). Let i = h - 23. Is i a composite number?
False
Suppose 0*t = -2*t - 4*w + 144, -2*w = -4*t + 278. Suppose 4*f - 132 = 2*y, 2*y + t = 2*f + 3*y. Is f a prime number?
False
Let h(r) = r**3 + 3*r**2 - 2*r - 1. Let v be 3/(-4) + 3/(-12). Let s(o) = 4*o**2 + 2*o + 1. Let y be s(v). Is h(y) composite?
False
Let p = -433 + 968. Is p prime?
False
Let k be 10/35 + (-44)/7. Let c be (k/9)/((-1)/3). Suppose 0 = -c*w + 3 + 25. Is w a prime number?
False
Let w be 2/(-5) - (-469)/35. Let m(j) = 2*j**2 - 3*j + 15. Is m(w) composite?
True
Suppose 0 = -2*y - 0*y + 8. Suppose -h - 11 = -3*q, y*h = -q + 3*q - 14. Suppose -q*v = -4 - 101. Is v a composite number?
True
Is 16192/14 + (-21)/(-49) prime?
False
Suppose 10*i - 348 = 4*i. Is i prime?
False
Suppose 5*o = 4*q - 5865, 3*o = -2*o - 5. Is q a prime number?
False
Let z = -8 + 10. Is 106/2 + 2 - z a composite number?
False
Suppose -5 = -2*f - 1. Let s = 5 - f. Is 6/s*-1 + 99 a composite number?
False
Suppose -4*j - 2*l + 158 = -j, -159 = -3*j - 3*l. Suppose 5*d + j = 4*d. Let r = 83 + d. Is r a prime number?
True
Let m(z) = -z - 22*z**3 + 6 - 82*z**3 - 39*z**3 - 7. Is m(-1) prime?
False
Suppose 4*u - 5*u = 2*m - 6, -3*m - 2*u = -9. Suppose 379 = 2*s + m*w, 0*w - 558 = -3*s - w. Is s a composite number?
True
Let j be 1 + ((-3)/(-1))/3. Suppose -j*z = n - 31, 6*n - n = 15. Is z a prime number?
False
Let k(z) = 27*z - 16. Is k(13) a composite number?
True
Suppose 4*a - 7*a + 325 = 5*c, 2*c - a - 130 = 0. Is c composite?
True
Suppose -o = -3*w, -2*o = o - 5*w. Suppose -5*k + 29262 - 2682 = o. Is (-4)/(-22) - k/(-44) composite?
True
Suppose 6309 = 5*y - q, 0 = 3*y + 4*q - q - 3771. Is y a prime number?
False
Suppose -3*o = -5*d + d + 423